
10
Suppose 162 = 2*o - 0*o + 2*g, 5*g = 2*o - 134. Suppose 2*m - 28 = -6. What is the greatest common divisor of m and o?
11
Let c = -2 - 0. Let r(h) = -1 - 2 - 5*h - 2. Let l be r(c). Calculate the highest common divisor of l and 2.
1
Let x be (-2 - (-2 - -4))*-4. Let p(c) = c + 7. Let f be p(-3). Calculate the highest common divisor of f and x.
4
Let p be (54/(-4))/(3/(-16)). Let f = 95 - 63. Let z = -24 + f. Calculate the greatest common divisor of p and z.
8
Suppose -4*v - 2*r + 486 = -0*v, 5*r + 273 = 2*v. Calculate the greatest common divisor of v and 310.
62
Let d(f) = f**3 - 6*f**2 - 5*f - 3. Let y be d(7). What is the greatest common factor of y and 11?
11
Suppose 0 = 2*o + 3*o - 20. Let g = o - 1. Suppose -3*u + g*m = -0*u - 87, 3*u - 47 = -5*m. What is the greatest common factor of u and 3?
3
Suppose 133 = -9*v + 28*v. Let g(w) = w + 6. Let f be g(-4). Let r = f - -12. Calculate the highest common divisor of r and v.
7
Let h = 143 - 113. What is the highest common divisor of h and 60?
30
Let y = 5 - 3. Suppose y*c = -5*a + 211, -c = 3*c + 2*a - 430. What is the greatest common factor of c and 12?
12
Let b(y) be the third derivative of 1/2*y**3 + 0*y + 0 - 1/4*y**4 + 1/60*y**5 - 3*y**2. Let u be b(7). What is the greatest common divisor of 70 and u?
10
Let x(o) be the second derivative of o**4/12 - o**3/3 - 3*o**2 + 9*o. Let z be x(-4). Calculate the highest common factor of 162 and z.
18
Let r be (-10)/((-4)/(-18) - (-16)/(-36)). Calculate the greatest common factor of r and 45.
45
Let j(k) = 4*k**3 - 4*k**2 + 7*k. Let d be j(2). What is the highest common factor of 6 and d?
6
Let s(h) = 13*h + 7. Let k be s(6). Let m(z) = 28*z**3 - z**2 - z. Let o be m(-1). Let t = k + o. What is the highest common divisor of t and 19?
19
Suppose -f + 2*f + 277 = 4*n, 4*n + 4*f = 252. Let u = -4 + 4. Suppose 5*l + u*r - 93 = -2*r, 47 = 3*l - r. What is the greatest common factor of l and n?
17
Suppose 0 = 5*h - 67 - 8. What is the greatest common divisor of 105 and h?
15
Let p be (-24)/9*(-9)/6. Let s = -4 - 0. Let v be s/(-2)*130/p. What is the greatest common divisor of 26 and v?
13
Let d(r) = 2*r - 2*r + 0 + 2*r - 1. Let i = -8 - -13. Let v be d(i). What is the greatest common factor of v and 45?
9
Suppose -4*z - 5*s + 24 = 69, -z + s = 0. Let c = -2 - z. Suppose -i - 2*h + c*h = -16, -h + 24 = i. Calculate the highest common factor of 10 and i.
10
Let y be 87 + 2 - 5/((-15)/6). What is the highest common factor of y and 13?
13
Suppose -3*g = -2*c - 270, -5*g + 386 = -c - 71. Let o = g + -52. Let n be (-6)/5*40/(-3). Calculate the greatest common divisor of o and n.
8
Suppose 0 = -118*r + 114*r + 48. Let m = 0 + 1. Suppose -2*u - 5*k + 0 - m = 0, -u = -4*k - 6. What is the greatest common divisor of u and r?
2
Let n(z) = -3*z + 15. Let j be n(6). Let h be j/((-9)/(-6)) - -4. Suppose -2*f + 2 = -0. What is the greatest common divisor of h and f?
1
Let u be -1*1/(2/(-10)). Suppose -33 = 5*x - x + u*a, 3*x = -3*a - 21. Let w be (-4 + 3)/(x/90). Calculate the highest common factor of w and 9.
9
Suppose -2*o + 4*f + 76 = 0, 0 = -o - f - 2 + 25. What is the highest common factor of 7 and o?
7
Suppose 2 - 59 = -3*d. Let x = d - 11. Calculate the highest common factor of x and 16.
8
Let i be ((-3)/(-5))/((-6)/(-30)). Suppose d - 3*l - 3 = -2*l, 3 = i*l. Calculate the greatest common divisor of 10 and d.
2
Let j be 16*(6/24 - 1/(-2)). What is the highest common factor of 36 and j?
12
Suppose 0 = 5*l - 3*l - 40. Let h = 16 + -13. Let x be ((-81)/1)/(-3) + h. What is the greatest common factor of l and x?
10
Let c(t) = -t - 4. Let i be c(0). Let p be 8/10*(-90)/i. Calculate the highest common divisor of p and 6.
6
Let k = -5 - -12. Suppose -4*d = -5*l + 58 - 223, 3*d + 3*l = 90. Calculate the greatest common divisor of d and k.
7
Suppose -3*s = -6*s - 657. Let b be s/(-3) - 3*1. Calculate the greatest common factor of b and 10.
10
Let i be (12/8)/(2/(-20)*-1). Calculate the highest common divisor of i and 15.
15
Suppose -3*o + 11 = -2*d - 0*d, -5*d + o + 5 = 0. Suppose d*u = -y + 35, -7*u + 125 = -2*u - 5*y. What is the greatest common divisor of 80 and u?
20
Suppose 5*c - 39 = 11. Suppose 3*t - 50 = -5. Let u be 10/t + 28/3. Calculate the greatest common factor of c and u.
10
Let s = 32 - 4. Let c = 18 - 11. Calculate the highest common factor of s and c.
7
Suppose -2 - 7 = 2*n + 5*y, 2*y = -4*n + 22. Let g(z) = z**2 - 8*z + 1. Let v be g(n). What is the greatest common divisor of 4 and v?
1
Let c be 2 + (3 - (7 + -2)). Suppose 3 = -c*j + j. Suppose -j*h + 18 = -h. Calculate the highest common factor of 81 and h.
9
Let y(h) = -3*h - 6. Let j be (-7)/21 - (-19)/3. Let f be y(j). Let q be 122/6 - (-8)/f. What is the highest common factor of q and 50?
10
Suppose -3*l + 74 = -196. What is the greatest common factor of 10 and l?
10
Suppose -20 = -8*k + 28. Calculate the greatest common divisor of k and 42.
6
Let q = -9 - -11. Calculate the greatest common factor of 3 and q.
1
Let u = -5 - -10. Suppose 0*i + u = i. Suppose 0 = i*a + 61 - 181. What is the greatest common factor of a and 8?
8
Let t be 1/3 + (-118)/(-6). Let c(p) = -p**3 - 3*p**2 - p - 5. Let s be c(-5). Calculate the highest common factor of s and t.
10
Suppose 4*y - y = 3. Suppose a + y = 6. Calculate the highest common factor of 20 and a.
5
Let z = -145 - -321. Calculate the greatest common divisor of z and 16.
16
Let g be -6 + -15*8/(-12). Calculate the greatest common divisor of g and 6.
2
Suppose -5*c - 90 = 5*u, -c - 5 - 5 = -u. Let a be (c/6 + 2)*-33. Suppose -3*x + a = -4. What is the highest common factor of x and 55?
5
Let w = -184 - -282. Suppose -3*b + 0*f + w = -4*f, -f + 35 = b. Calculate the highest common divisor of 17 and b.
17
Let c = -51 + 73. What is the highest common factor of 88 and c?
22
Let b(t) = 5*t - 6. Let f be b(4). What is the highest common factor of 2 and f?
2
Suppose -p + 1 = -0. Let l(c) = 31*c - 1. Let f be l(p). Calculate the highest common divisor of 75 and f.
15
Suppose -2*t = -2*n + 4*n - 30, 0 = 5*t - 5. Calculate the greatest common factor of n and 28.
14
Let j be 304/10 + (-4)/10. Let k be (45/4)/(8/32). What is the highest common divisor of j and k?
15
Let w = 23 - 2. What is the highest common divisor of w and 63?
21
Suppose -3*y + 4*y = -3. Let b be -6 - (1 - 1)/(-2). Let m be y/b - 158/(-4). What is the greatest common divisor of m and 5?
5
Suppose 5*b - 20 = -0*b. Suppose 3*a - 27 = -2*o, 0 = 4*o + 2*a - 7*a - 43. What is the greatest common divisor of b and o?
4
Suppose 3 = c + v, -3*c + 14 = 5*v + 5. Let m = 48 + -36. Calculate the greatest common divisor of c and m.
3
Let q = 62 - 42. Suppose -3*s + 107 = q. What is the highest common divisor of s and 58?
29
Let f = -10 + 14. Let m(v) = v**2 - 4*v + 6. Let w be m(f). Let z = -30 + 54. What is the highest common divisor of w and z?
6
Let o(i) = -4 - 2 - 3*i + 0*i + 1. Let p be o(-7). Calculate the greatest common divisor of 40 and p.
8
Let h be 11/(-110) - (-102)/20. What is the highest common divisor of 35 and h?
5
Let h be 401/4 + (-3)/12. Suppose -2*f + h = 10. What is the greatest common factor of f and 9?
9
Let w(t) = -t**2 - 6*t - 6. Let q be w(-8). Let l = -12 - q. Calculate the highest common factor of l and 2.
2
Let k(m) = 3*m**3 - 73*m**2 + 25*m - 16. Let y be k(24). Let q = 102 + -38. Calculate the highest common divisor of y and q.
8
Let p be (-1 + -9)/(0 + -1). Let a = 10 + p. What is the greatest common factor of 8 and a?
4
Let b = -20 + 34. Calculate the greatest common divisor of 2 and b.
2
Suppose -3*h + 28 = -14. Calculate the highest common divisor of 7 and h.
7
Suppose 4*z + z - 15 = 0. Calculate the highest common divisor of 27 and z.
3
Let k = -23 - -31. Calculate the highest common factor of k and 12.
4
Suppose 4*z - 240 = z - 2*t, -t + 240 = 3*z. Calculate the highest common factor of 10 and z.
10
Let o(i) = -i**3 - 2*i**2 + 6*i + 5. Let h be o(-4). What is the highest common divisor of h and 91?
13
Let i(u) = 2*u**3 - 4*u**2 + 4*u. Let n be i(2). What is the highest common divisor of 6 and n?
2
Let j(w) = 4*w - 5. Let x be j(5). Suppose -f = -0*f - 3. Calculate the highest common divisor of x and f.
3
Let t(g) = -g + 1. Let u be t(-5). Calculate the highest common di